 + 278, 0 = g*d + 4*y - 336. Is d composite?
True
Suppose 3 = 3*o - 6*o. Let d = 3 + o. Is (-587)/((1 + d)/(-3)) composite?
False
Suppose 5*w + 3*p + 77 = 4*p, -5*p + 25 = -w. Is 14*(251/6 - (-5)/w) a prime number?
False
Is (31749/76)/((-2)/(-8)) a composite number?
True
Suppose 240612 = -706*x + 718*x. Is x prime?
True
Let k = 6397 + 32500. Is k composite?
True
Let v = 16885 - 9324. Is v a composite number?
False
Let l = 650 - 73. Let k = -76 + l. Is k a composite number?
True
Let c = -648 - -1137. Suppose -h + 731 = 3*w, 5*w + h - c = 3*w. Let r = w + -129. Is r prime?
True
Let b = -36 - -38. Suppose b*j - 5*h = 1975, -3*j + 6*j - 2*h - 2979 = 0. Is j a composite number?
True
Is (-2)/(-14) - (-205450)/49 prime?
False
Let r(m) = -555*m - 514. Is r(-9) prime?
True
Let k(u) = -4*u**3 - 6*u - 6. Let s(p) = -5*p**3 - p**2 - 7*p - 7. Let h(g) = -4*k(g) + 3*s(g). Is h(8) a prime number?
True
Let f be 4120*(-4)/12 + (-6)/9. Let i = 1565 - f. Is i a composite number?
False
Let o be ((-2)/4)/(6/(-60)). Let h(g) = g**3 - 4*g**2 + 7. Let u be h(o). Let i = 297 - u. Is i composite?
True
Let a(o) = o**3 + 10*o**2 + 11*o + 18. Let x be a(-9). Suppose -5*q + 1422 + 123 = x. Is q prime?
False
Let t(w) be the second derivative of -2*w**3/3 - 9*w**2 + 15*w. Is t(-13) a composite number?
True
Suppose -63007 = -5*r + 2*p, -104*p + 12597 = r - 100*p. Is r a prime number?
True
Suppose i - 7 + 2 = 0. Suppose -3*k + 3*o + 677 = i*o, 5*o - 20 = 0. Is k prime?
True
Suppose 2*u - 36073 = -4*a + 15631, 3*u + 38760 = 3*a. Is a/54*6/4 a prime number?
True
Is (2 - 1)/((-1)/(-319)) composite?
True
Let l = 10066 - 5033. Is l composite?
True
Let x(u) be the second derivative of -u**4/12 + u**3/3 + 3*u**2 + 3*u. Let g be x(0). Suppose 0*d - 2*d = y - 247, 2*d = -g. Is y a composite number?
True
Is 1/(-5)*(-1763 + 28) prime?
True
Let j = 20 - 28. Let r be (26/j - -3)*-12. Let u(p) = 4*p**3 + 2*p**2 - 2*p - 5. Is u(r) composite?
True
Let r(o) = 2*o**2 - 4*o - 4*o + 2*o**2 - 9 - 5*o**2. Let k be r(-6). Suppose k*g = -138 + 477. Is g a prime number?
True
Let q be 9 + 4 - 1*2. Let a = q + -13. Is a - (-42 + (0 - -2)) prime?
False
Suppose -9*c = -20*c + 358171. Is c prime?
True
Let g = 5681 + -3039. Let p = 5403 - g. Is p a composite number?
True
Is (-647320)/100*(-10)/4 a prime number?
True
Suppose 0 = 10*s - 79874 - 23336. Is s prime?
True
Suppose 2*n + 4*j = -20, 5*n + 3*j + 29 = -0*j. Let t be (-18)/12 + (-1618)/n. Suppose 4*z = t - 47. Is z prime?
True
Is (-35210)/(-49) + (-8)/14 a prime number?
False
Suppose 5*s - 520 = -5*j, j + 3*j = 5*s - 484. Let z = s - -2839. Is z composite?
False
Suppose 23107 = -12*n + 16*n + 3*g, 0 = 2*n - 3*g - 11531. Is n a composite number?
True
Suppose 4*m = -q - 9, -41 - 6 = -5*q + 3*m. Let n(s) = q - 55*s + 33*s + 2. Is n(-8) prime?
False
Let v(o) = 45*o**2 - 3*o + 11. Suppose -1 + 6 = -d. Is v(d) composite?
False
Is (417/(-2))/((-168)/41104) a prime number?
False
Let z(i) = -12*i - 51. Let o be z(-4). Suppose -5*x = q - 16, -2*q - 2*x = q + 17. Let r = o - q. Is r a composite number?
True
Let z(x) = x**3 + 15*x**2 - 15*x + 12. Let n be z(-16). Is n/(-5)*(-3530)/(-4) composite?
True
Suppose -11*n + 10*n = 0. Suppose -h - 201 = 3*a, -5*h + a = -n*a + 1005. Let d = h - -296. Is d a prime number?
False
Is 150/10 - 8 - -6096 a prime number?
False
Suppose -7*u + 76 + 155 = 0. Let k = 220 - u. Is k a composite number?
True
Let v be 2 - 0*(-2)/(-4). Let g(b) = -3*b - 2 - 5 - 5 + 169*b**2 + 15 + 0. Is g(v) a prime number?
True
Let j = -34 + 37. Suppose j*f - 46 = f. Is f a prime number?
True
Suppose 3*g - 2*g - 101 = 0. Suppose -9*j = -5*j + 264. Let l = j + g. Is l a composite number?
True
Let f(u) = -2*u**2 - 12*u + 27149. Is f(0) a prime number?
False
Suppose 14 + 9 = h - 4*d, -35 = -5*h + 4*d. Suppose 0 = -2*q - h*q + 10, -1516 = -4*s - 4*q. Is s composite?
True
Let r be 4/(-2) - (3 - 5). Suppose -5*v - 364 + 1319 = r. Is v composite?
False
Suppose -2*n - 3211 = -3*j - n, -n = j - 1065. Is j composite?
False
Let f = 83 + -90. Is f + 9 - (-1804 + 0 + -1) composite?
True
Suppose -m + 2*z + 783 = 0, -2*m + 343 = -5*z - 1225. Is m composite?
True
Let x = -1736 + 48207. Is x composite?
False
Suppose -5*c = 4*a - 15235, -4*c - 4411 = -a - 597. Suppose -i - 5*x + 867 = 0, -x = -5*i + 629 + a. Is i a prime number?
True
Let c = -2292 - -3689. Is c a prime number?
False
Suppose -3*u = 3*h + 2*u + 2201, 0 = 4*h + 2*u + 2916. Let c(q) = -34*q - 80. Let t be c(10). Let s = t - h. Is s a prime number?
True
Let b be 471*(-2)/10*-5. Suppose 0 = p + b + 6. Let v = 956 + p. Is v prime?
True
Suppose -5*u = -7*h + 5*h - 9861, -3*h + 6 = 0. Is u a composite number?
False
Let f = 2523 - 1237. Let q = 3021 - f. Is q a composite number?
True
Suppose -3*o - 22 = 2*m, 0 = 3*o - m + 7 + 9. Let k be 5 + (-2 - o)/(-2). Is (4/12)/(k/495) prime?
False
Let n be ((-12)/10)/((-2)/5). Let d(y) = 8*y + n*y**2 - 4*y**2 + 5*y**2 - 3*y**2 + 3. Is d(6) a composite number?
True
Let a = 71257 - 42288. Is a a prime number?
False
Suppose -4*z = 5*p + 5, -3*z - p - 1 = -0*p. Suppose z = 4*n - 1016 - 156. Is n prime?
True
Suppose 0 = 3*j - 6*j + 15. Suppose j*h = -z - 53, -z + 4*h - 8 = 18. Let x = z + 63. Is x a prime number?
False
Suppose -5*w = -j, w = 5*j + 4*w. Suppose 0 = 5*a - 2*a - 12, 5*o - 2*a + 8 = j. Suppose 0*v - 5*v + 265 = o. Is v composite?
False
Let a(z) = -48*z - 5. Suppose 77 = -3*f + 20. Is a(f) a prime number?
True
Suppose 0 = 5*u - 0*u + 10. Let z = 90 - 98. Is u*-1*(-28)/z a composite number?
False
Suppose -13312 = -k - 3*y, 0 = -5*k + k + 3*y + 53323. Is k composite?
False
Suppose -4*j - 48 + 24 = 0. Let h(c) = 61*c - 4. Let g(m) = -61*m + 5. Let z(k) = 3*g(k) + 2*h(k). Is z(j) a composite number?
False
Suppose q + 19 = -0*q + 5*z, 0 = 3*q + 2*z - 11. Is (438 - 28) + (2 - q) composite?
True
Suppose f - 6 = -f. Suppose 2*r - f - 9 = 0. Suppose 37 + 53 = r*v. Is v prime?
False
Suppose -5*w + 2796 = -3684. Suppose -6*d = -3*d - w. Is (10 - d)*(-2)/4 composite?
False
Suppose 4*v + 49919 = 5*q, -5*q - v = 2353 - 52267. Is q a prime number?
False
Let b(o) = 30*o**3 - 2*o**2 + o - 6. Let h(y) = -31*y**3 + 2*y**2 + 7. Let a(d) = 3*b(d) + 2*h(d). Is a(3) composite?
False
Let n(f) = f**3 + 15*f**2 - 10*f - 25. Let v be ((-1)/1)/(5/(-170)). Suppose 0 = -2*r + 8 - v. Is n(r) prime?
True
Let q(a) = -a - 1. Let o(i) = 641*i + 6. Let c(p) = o(p) + 3*q(p). Is c(1) a prime number?
True
Let j = 17052 + 571. Is j a prime number?
True
Let p = -10 + 13. Suppose p*w + 1631 + 2811 = 5*g, 5*w - 3561 = -4*g. Is g a composite number?
True
Let v be ((-88)/5)/((-4)/(-90)). Let k = 288 + -485. Let y = k - v. Is y prime?
True
Suppose 3*f = 5*c + 8, -5*f + 4*f + 5*c = 4. Let g = 6 - f. Let r(i) = -2*i + 37. Is r(g) a prime number?
True
Let d(t) = -38*t + 1. Let g(b) = 1. Let m be (0 - -6)*(-1)/3. Let h(u) = m*g(u) - d(u). Is h(5) a prime number?
False
Let x = 6011 + -2788. Is x composite?
True
Suppose 2*q = 5*j + 8, 2*q + 12 = 5*q - 3*j. Is 196 + -1*8/q prime?
False
Let b(j) = -299*j**3 - 2*j**2 - 6*j - 1. Let v(q) = q - 13. Let z be v(11). Is b(z) a prime number?
False
Is (3 + (-35)/14)/((-2)/(-32584)) composite?
True
Let r be ((-8 + 4 - -8) + 8)*2. Suppose -r*w = -32*w + 5384. Is w a composite number?
False
Let k = 68 - 64. Suppose -1855 = -5*f - 5*p + 6320, k*p - 3266 = -2*f. Is f prime?
True
Is (-58599)/(-15) + (-2)/(-5) composite?
False
Let t(j) = 255*j. Let l(f) = -115514*f. Let p(b) = 4*l(b) + 1813*t(b). Let i(y) = -y**3 - 10*y**2 - 12*y - 26. Let a be i(-9). Is p(a) composite?
True
Let f = -378 - -542. Suppose -2*j + 2*w - 85 = 67, -4*w - 122 = 2*j. Let r = f + j. Is r composite?
True
Let i be (-2)/(-3)*1*-12. Let t be i/(-4)*-1 - -818. Let m = t - 559. Is m prime?
True
Suppose -5*b + 5815 = 5*w - 3*b, 2345 = 2*w - 3*b. Is w a composite number?
True
Is 18/54 + (-8780)/(-3) composite?
False
Is (-132432)/(-60) + 2/(1*-10) prime?
True
Suppose 94*j = 91*j + 3, -3*g + j = -92216. Is g a prime number?
False
Let j be (1884/3 - 0) + -1. Let n = j - 218. Is n a prime number?
True
Let l = 37 - 32. Suppose -5*b + 5 = -5*w - 0, -3*w - 4*b + 4 = 0. Suppose -m + 2*h + 70 - l = w, -5*m + 4*h + 331 = 0. Is m composite?
False
Let k(g) = 3*g**2 + 4*g + 4. Let u be k(-1). Suppose 0 = u*b + s - 1964 - 2281, 